a factor of i?
False
Let o(c) = 2*c**2 + 5*c - 4*c - 11*c - 7. Does 15 divide o(9)?
False
Let w(k) = 6*k**2 + 7. Let r be w(3). Let t = 72 + r. Suppose -6*u + 71 = -t. Is 13 a factor of u?
False
Suppose i = 2*j + 16, -30 = -3*i + 2*j + 14. Suppose -15*s + i = -14*s. Is 14 a factor of s?
True
Let x = 405 - 243. Does 6 divide x?
True
Suppose -4*v + 5*r + 26 = -0*r, -v + 12 = -4*r. Let a = -823 - -823. Suppose 5*w - 110 = -v*t, -4*w - 2*t + a*t = -88. Is 11 a factor of w?
True
Is (1510/3)/((-35)/((-1050)/20)) a multiple of 151?
True
Let b(a) = a**2 + 2*a + 601. Is b(-51) a multiple of 155?
True
Suppose 6*n + i + 231 = 7*n, 4*n - 2*i = 924. Does 8 divide n?
False
Let b = -454 + 1054. Suppose -17*u + 12*u + b = 0. Is u a multiple of 20?
True
Let d(m) = -16*m - 61. Is d(-11) even?
False
Suppose 20 + 20 = 4*h. Suppose 0 = -4*d + h - 2. Suppose s - 161 = -3*o - 0*s, d*s = 5*o - 272. Is o a multiple of 18?
True
Let n(k) = -2*k + 3*k - k**2 + 3 + 3*k + 16*k**2. Is n(-1) a multiple of 7?
True
Let b(j) = -j - 2. Let l(q) = -q**3 + 8*q**2 - 8*q + 4. Let u be l(7). Let a be b(u). Suppose 31 - a = 2*p. Is 5 a factor of p?
True
Let q be (0 + 1)/(6/12). Suppose -q*r - 180 = -6*r. Let t = -2 + r. Is t a multiple of 11?
False
Let d(g) = 7*g**3 + g**2 + 12*g + 1. Let b(i) = -20*i**3 - 2*i**2 - 35*i - 2. Let z(u) = 6*b(u) + 17*d(u). Let c be z(5). Is 410/c*10/(-4) a multiple of 19?
False
Let y(x) = -x**2 + 6*x + 5. Let v be y(6). Suppose -4*p + v*p - 14 = 0. Let i = p + 5. Does 19 divide i?
True
Let a = 310 - 303. Is a a multiple of 2?
False
Let d(h) = -15*h + 105. Is d(-5) a multiple of 15?
True
Suppose -27*i + 3936 = -15153. Is 7 a factor of i?
True
Let u(t) = 270*t + 130. Does 10 divide u(1)?
True
Let z(o) = o**3 - 5*o**2 + 660. Is z(0) a multiple of 55?
True
Suppose -2*b + 1766 = 4*g, g - 173*b + 168*b = 469. Is g a multiple of 17?
False
Let y(f) = -92*f**3 + f**2 + 6*f + 9. Does 52 divide y(-2)?
False
Let w(a) be the second derivative of -a**3/3 + 21*a**2 + 24*a. Is w(7) a multiple of 14?
True
Let s(m) = m**3 + m**2 + 1. Let v(o) = -4*o**3 - 7*o**2 + 4*o + 7. Let f(k) = 5*s(k) + v(k). Is 18 a factor of f(6)?
True
Let g(w) = -242*w**3 - w**2 + 3*w - 1. Let l be g(1). Let m = -127 - l. Is m a multiple of 24?
False
Suppose 0 = 3*s + 12, 3*w - 74 = -0*s + 2*s. Suppose -1 = -4*l - 3*b, 4*l + 5*b = b. Is 4 a factor of (121/w)/(l/2)?
False
Let s(b) = -b**2 + 5*b - 19. Let m be s(6). Let a = m + 34. Does 9 divide a?
True
Is (-2)/(-11) + 1284243/583 a multiple of 16?
False
Let t(u) = -26*u - 3 + 4 - 2. Let z be t(1). Is 2 a factor of (z/6)/((-2)/4)?
False
Suppose -a - u + 195 = 0, 26*a + 1025 = 31*a - 5*u. Does 8 divide a?
True
Let u(q) = q**2 - 5*q - 2. Let h be u(6). Suppose 0 = -h*y + 25 - 5. Suppose y*z + 3*x = -x - 1, -x - 13 = -3*z. Is 3 a factor of z?
True
Let c(k) = k**3 - 2*k**2 + 2*k - 2. Let r be c(3). Suppose r*b - 620 = 8*b. Is b a multiple of 28?
False
Suppose -p + 357 + 224 = 0. Is p a multiple of 13?
False
Suppose -25*a = -27*a - 8, 0 = -4*j + 4*a + 7788. Does 39 divide j?
False
Let s be (-8)/(-10)*(-5)/(-2). Suppose 0 = -s*c + 8 - 0. Suppose -c*d + 2*d = -18. Does 9 divide d?
True
Suppose -5*i - 20 - 10 = 0. Does 2 divide (-45)/i*6/5?
False
Suppose -6*d = -4526 - 778. Does 32 divide d?
False
Suppose -2*i = -0*i - 10. Suppose -3*w = i + 4. Is 3 a factor of 0 + 8 - (-12)/w?
False
Suppose 0 = 5*o - 3*q + q + 406, 5*o + 3*q = -391. Is (-4)/(o/4085) - (-1)/(-4) a multiple of 17?
True
Suppose -1567 = -4*m - r, -2 = -8*r + 10*r. Does 4 divide m?
True
Suppose 4*f = l - 343, -2*l + 107 + 149 = -3*f. Let x = -42 - f. Is 11 a factor of x?
True
Suppose -78*h + 23*h = -98010. Does 11 divide h?
True
Let j = -22 + 15. Let g(r) = 2*r**3 - 13*r**2 - 3*r + 1. Let s(c) = 4*c**3 - 27*c**2 - 7*c + 3. Let z(o) = j*g(o) + 4*s(o). Is z(9) a multiple of 4?
False
Let g be (165/10 - -1)*(-12)/(-10). Suppose 0 = -4*j - 5*z + 27 + 84, 0 = j - z - g. Is j a multiple of 5?
False
Let t(f) be the first derivative of -f**5/20 + 5*f**4/12 + 4*f**3/3 - 3*f**2 + 2*f + 5. Let u(d) be the first derivative of t(d). Does 9 divide u(5)?
False
Does 47 divide 6/8 + 4752/64?
False
Suppose 0*s = 3*s - 33. Suppose 0 = l - 0 + s. Is 24/132 - 75/l even?
False
Let q(m) = 5*m**2 + 16*m - 8. Does 7 divide q(4)?
False
Suppose 4*y + 473 + 301 = 2*p, -3*p = 3*y + 576. Let f = y + 282. Is f a multiple of 5?
False
Suppose -2 = -2*v + 34. Let u = 31 - v. Is 3 a factor of u?
False
Suppose -5*b + z + 58 = 0, 4*b + 2*z = 2*b + 28. Let i = b - 8. Suppose -3*d - 4*l = -0*d - 178, -d - i*l + 70 = 0. Is 18 a factor of d?
True
Let w = 101 + -81. Let j(z) = -z + 10. Let l be j(6). Does 11 divide (24/w)/(l/210)?
False
Let h(v) be the second derivative of 7*v**3/3 - 21*v. Let y(k) = -k - 1. Let s be y(-4). Is h(s) a multiple of 14?
True
Let g(y) = y**2 - 5*y - 14. Let c be g(18). Let n = c - 68. Is n a multiple of 19?
True
Does 11 divide (-133)/(-2)*((35 - 0) + 11)?
False
Suppose 3*p = -f - 7, 0*f - 9 = -3*f - 3*p. Let r be (2 - 1)*12 + 2. Does 4 divide f/r + 348/28?
False
Let h(w) = 46*w - 122. Is h(5) a multiple of 18?
True
Let a(y) = 4*y + 28. Let p be a(-6). Suppose p*i + 16 = 0, 4*h - 108 = -i - 0*i. Is h a multiple of 16?
False
Suppose 0 = 13*u - 23*u + 7430. Suppose -3*s = 113 - u. Is 6 a factor of s?
True
Let w = -1 + 25. Is 9 a factor of 12/w - (-94)/4?
False
Suppose 23*d = 32*d - 1080. Is d a multiple of 40?
True
Let x(h) = h**3 + 14*h**2 + 11*h + 2. Let s be x(-13). Let l = s + 9. Does 9 divide l?
False
Suppose 3*g = 2*g + 2*v - 157, 661 = -4*g - 3*v. Let x = 71 - g. Is x a multiple of 39?
True
Suppose 0 = s + 4*s + 2*o - 410, -2*s = 2*o - 158. Suppose -2*i + s = 4. Is i a multiple of 12?
False
Suppose -3*y - 8 = -5*y. Suppose -y*w + 153 = -211. Is w a multiple of 12?
False
Suppose -3*c = 1 - 7. Suppose k + 155 = 3*k + 3*t, 5*k - 360 = -c*t. Does 10 divide k?
True
Suppose 0 = 4*j - 3*g - 2460, -7*g = -5*g - 8. Suppose -z = r - 154, z - 6*z = 4*r - j. Is r a multiple of 19?
True
Suppose 0 = 6*j - 865 + 97. Is 16 a factor of j?
True
Let m(c) = 5*c**3 - 22*c**2 + 3*c + 10. Let f(w) = -14*w**3 + 67*w**2 - 8*w - 30. Let z(t) = 4*f(t) + 11*m(t). Is z(26) a multiple of 16?
True
Let t be 2 + (4 - 1 - 2). Suppose -952 = -10*d + t*d. Is 34 a factor of d?
True
Let l(a) = -11*a - 6 - 21*a + 38*a. Suppose -3*y = -5*y + 10. Is 12 a factor of l(y)?
True
Let t(u) = -131*u + 17. Is 18 a factor of t(-11)?
True
Let l(v) = -v - 24. Let k(b) = b + 24. Let j(f) = 7*k(f) + 6*l(f). Is j(-11) a multiple of 13?
True
Let t be -112*-6*4/28. Suppose t = 12*q - 4*q. Does 12 divide q?
True
Suppose -15*a + 18129 = 2874. Does 80 divide a?
False
Suppose -2*o - 2312 = -6*o. Suppose 0 = 5*c - 2*j - o, -3*c + c = -j - 232. Is 19 a factor of c/(-9)*(-12)/8?
True
Let u = -60 - -214. Is 22 a factor of u?
True
Let q(f) = -2*f**2 + 44*f + 90. Is q(23) a multiple of 11?
True
Let g be (-4)/(6/4 - 2). Let p(r) = r**3 - 7*r**2 - 9*r + 6. Let y be p(g). Is 8 a factor of 9/(1 + y/3)?
False
Let i(f) = f - 51. Let a be i(0). Let y = 82 + a. Is 9 a factor of y?
False
Let l(m) = -3*m - 20. Let f be l(-14). Let c = f - -1. Is 17 a factor of c?
False
Let w(f) = -f**2 + 14*f + 3. Let p = -35 - -40. Is w(p) a multiple of 12?
True
Let z(y) be the first derivative of y**3 - 2*y**2 - 3*y + 44. Suppose 0*b = -b - 3. Is z(b) a multiple of 14?
False
Let x be -1 + (-3)/(6/(-8)). Let q(s) = -11*s**3 + 3*s - 5*s - 2*s**x - s**2 - 1. Is q(-1) a multiple of 4?
False
Let l = 175 - 105. Does 11 divide 2/10 - (-2436)/l?
False
Let v(p) = 32*p + 18. Is v(12) a multiple of 6?
True
Suppose -s - 2*x = -6 - 0, 5*x = 3*s + 37. Let q = -2 - s. Suppose -q*v + 3*h - 65 = -6*v, -3*h = -4*v + 71. Does 10 divide v?
False
Suppose 2*i = 2*c - 16, 4*c - 4*i - i - 27 = 0. Let w = -11 + c. Suppose 4*z - 18 = w*z. Is 4 a factor of z?
False
Let g be -2*4/(-6)*12. Let k(u) = 2*u - 1 - 1 + u - 2. Is k(g) a multiple of 9?
False
Suppose 2*d = -20*b + 15*b + 1560, 624 = 2*b + 5*d. Is 4 a factor of b?
True
Let n = 381 + 929. Suppose a = -5*h - n, -h - 5*a = 4*h + 1330. Is 27 a factor of -2*(2 - h/(-6))?
False
Suppose 5*v + 2*z - 20 = 3*z, -5*v = z - 20. Suppose 0*n - v = -n. Suppose n*a - 28 = 6*j - 2*j, 25 = 3*a + j. Does 8 divide a?
True
Let r(a) = 27*a + 2. Let f be r(-1). Does 24 divide (-2)/(